ctor of 3814?
False
Is 54226 a multiple of 13?
False
Is 8 a factor of 261?
False
Is 54981 a multiple of 181?
False
Is 14 a factor of 2590?
True
Does 43 divide 1591?
True
Does 15 divide 36885?
True
Is 284 even?
True
Does 118 divide 19590?
False
Is 50 a factor of 3900?
True
Is 232 a multiple of 4?
True
Is 12 a factor of 564?
True
Does 91 divide 8190?
True
Does 44 divide 14491?
False
Is 232 a multiple of 37?
False
Is 1470 a multiple of 14?
True
Does 19 divide 665?
True
Is 80 a factor of 24320?
True
Is 28631 a multiple of 15?
False
Does 40 divide 720?
True
Is 9 a factor of 1224?
True
Is 15518 a multiple of 8?
False
Is 9 a factor of 7797?
False
Is 3627 a multiple of 31?
True
Does 340 divide 38760?
True
Is 2870 a multiple of 70?
True
Is 260 a multiple of 7?
False
Is 206 a multiple of 16?
False
Is 624 a multiple of 39?
True
Is 29 a factor of 105867?
False
Is 2 a factor of 873?
False
Is 1424 a multiple of 40?
False
Is 1728 a multiple of 32?
True
Is 2925 a multiple of 65?
True
Is 13 a factor of 221?
True
Is 28397 a multiple of 224?
False
Is 36 a factor of 1586?
False
Does 7 divide 2116?
False
Is 4356 a multiple of 9?
True
Does 140 divide 42980?
True
Is 62 a factor of 9486?
True
Does 59 divide 118?
True
Is 33 a factor of 1283?
False
Is 3475 a multiple of 28?
False
Is 16368 a multiple of 124?
True
Is 18 a factor of 1055?
False
Is 25 a factor of 4200?
True
Does 4 divide 6447?
False
Is 13 a factor of 558?
False
Is 4 a factor of 65?
False
Does 6 divide 1862?
False
Is 59 a factor of 9086?
True
Does 59 divide 4859?
False
Is 102 a factor of 3978?
True
Does 12 divide 1847?
False
Is 158 a multiple of 6?
False
Is 43 a factor of 7740?
True
Does 23 divide 928?
False
Does 48 divide 43488?
True
Does 103 divide 1648?
True
Is 6 a factor of 2605?
False
Does 43 divide 1106?
False
Does 30 divide 300?
True
Does 14 divide 972?
False
Does 211 divide 111110?
False
Is 25570 a multiple of 22?
False
Is 12 a factor of 11281?
False
Is 12 a factor of 552?
True
Is 48 a factor of 960?
True
Is 42 a factor of 3108?
True
Is 7303 a multiple of 38?
False
Is 26 a factor of 10998?
True
Is 292 a factor of 3651?
False
Is 77 a factor of 616?
True
Does 11 divide 968?
True
Is 460 a multiple of 12?
False
Is 3847 a multiple of 12?
False
Does 6 divide 408?
True
Is 6495 a multiple of 53?
False
Is 5 a factor of 3850?
True
Is 297 a multiple of 17?
False
Is 2 a factor of 1275?
False
Is 34 a factor of 20497?
False
Is 159 a multiple of 2?
False
Is 5289 a multiple of 129?
True
Is 22270 a multiple of 131?
True
Does 6 divide 6209?
False
Does 89 divide 4880?
False
Is 156 a multiple of 4?
True
Is 770 a multiple of 77?
True
Is 23 a factor of 10603?
True
Does 48 divide 6400?
False
Is 1044 a multiple of 73?
False
Does 13 divide 3843?
False
Is 284 a factor of 28009?
False
Is 325 a multiple of 25?
True
Does 18 divide 46548?
True
Is 58 a factor of 1044?
True
Is 2850 a multiple of 15?
True
Does 21 divide 668?
False
Is 67 a factor of 1541?
True
Is 1200 a multiple of 40?
True
Does 18 divide 2106?
True
Is 1340 a multiple of 20?
True
Does 59 divide 131?
False
Does 13 divide 299?
True
Is 48307 a multiple of 56?
False
Does 117 divide 20312?
False
Does 78 divide 1092?
True
Is 40542 a multiple of 174?
True
Is 1701 a multiple of 21?
True
Is 5 a factor of 17?
False
Does 17 divide 572?
False
Is 2 a factor of 49?
False
Is 21 a factor of 524?
False
Is 101 a factor of 15899?
False
Is 61 a multiple of 6?
False
Does 77 divide 2251?
False
Is 9 a factor of 781?
False
Is 149 a factor of 4619?
True
Is 660 a multiple of 10?
True
Does 25 divide 600?
True
Does 55 divide 3626?
False
Is 170 a multiple of 29?
False
Is 1133 a multiple of 7?
False
Is 41 a factor of 1886?
True
Is 73 a factor of 55699?
True
Is 200 a multiple of 21?
False
Is 18162 a multiple of 77?
False
Does 6 divide 829?
False
Does 187 divide 4301?
True
Is 2 a factor of 684?
True
Is 30213 a multiple of 81?
True
Is 4744 a multiple of 18?
False
Does 59 divide 2389?
False
Does 18 divide 180?
True
Is 335 a multiple of 44?
False
Is 13 a factor of 7254?
True
Does 163 divide 14833?
True
Does 18 divide 637?
False
Is 36 a factor of 156128?
False
Is 98914 a multiple of 19?
True
Is 975 a multiple of 7?
False
Is 7 a factor of 303?
False
Does 15 divide 2807?
False
Does 14 divide 17332?
True
Does 13 divide 195?
True
Does 23 divide 13823?
True
Is 6 a factor of 94?
False
Does 17 divide 9463?
False
Does 103 divide 4489?
False
Is 147 a multiple of 21?
True
Does 9 divide 6198?
False
Is 48050 a multiple of 252?
False
Is 17534 a multiple of 23?
False
Does 12 divide 1021?
False
Is 18 a factor of 5198?
False
Does 14 divide 81578?
True
Is 12 a factor of 8217?
False
Is 12164 a multiple of 9?
False
Does 18 divide 1260?
True
Is 53 a factor of 14045?
True
Does 43 divide 129?
True
Is 20 a factor of 30420?
True
Does 13 divide 1885?
True
Is 3719 a multiple of 8?
False
Is 5 a factor of 950?
True
Does 26 divide 598?
True
Does 16 divide 1920?
True
Is 1357 a multiple of 59?
True
Is 6528 a multiple of 16?
True
Is 26 a factor of 22594?
True
Is 112 a factor of 137?
False
Is 1929 even?
False
Is 10 a factor of 941?
False
Is 4 a factor of 32?
True
Is 72753 a multiple of 54?
False
Does 181 divide 32404?
False
Is 47 a factor of 1363?
True
Is 904 a multiple of 8?
True
Does 8 divide 120?
True
Is 30 a multiple of 2?
True
Is 16 a factor of 1455?
False
Does 16 divide 22627?
False
Is 3 a factor of 1055?
False
Is 85 a factor of 9162?
False
Is 56 a factor of 379?
False
Is 17 a factor of 25975?
False
Is 7756 a multiple of 74?
False
Is 160 a multiple of 4?
True
Does 146 divide 93161?
False
Is 611 a multiple of 64?
False
Does 12 divide 144?
True
Does 10 divide 340?
True
Is 1270 a multiple of 13?
False
Is 83 a factor of 415?
True
Is 2379 a multiple of 5?
False
Is 27 a factor of 1323?
True
Does 5 divide 4223?
False
Is 65 a factor of 5200?
True
Is 16 a factor of 7562?
False
Is 72 a multiple of 11?
False
Does 12 divide 891?
False
Does 26 divide 2392?
True
Is 6777 a multiple of 14?
False
Does 16 divide 3086?
False
Is 11 a factor of 3391?
False
Does 50 divide 608?
False
Is 13167 a multiple of 232?
False
Is 1767 a multiple of 70?
False
Does 6 divide 553?
False
Does 33 divide 2629?
False
Is 3975 a multiple of 265?
True
Is 218 a multiple of 19?
False
Is 1015 a multiple of 14?
False
Does 14 divide 2703?
False
Does 121 divide 2799?
False
Does 175 divide 30975?
True
Does 116 divide 62806?
False
Is 288 a multiple of 3?
True
Is 8 a factor of 27416?
True
Is 608 a multiple of 15?
False
Is 182 a factor of 18564?
True
Is 5603 a multiple of 8?
False
Does 16 divide 1351?
False
Does 185 divide 12580?
True
Is 9 a factor of 2133?
True
Does 24 divide 96?
True
Is 9 a factor of 20911?
False
Is 35 a factor of 2614?
False
Does 22 divide 638?
True
Is 94014 a multiple of 19?
False
Does 73 divide 1606?
True
Does 76 divide 13756?
True
Does 69 divide 2415?
True
Does 159 divide 49121?
False
Is 24 a factor of 20691?
False
Does 121 divide 116402?
True
Is 11 a factor of 3207?
False
Is 3773 a multiple of 77?
True
Is 273 a multiple of 3?
True
Is 37200 a multiple of 400?
True
Is 7140 a multiple of 15?
True
Is 1459 a multiple of 4?
False
Is 3276 a multiple of 42?
True
Is 243 a multiple of 27?
True
Does 79 divide 4200?
False
Is 75 a factor of 4050?
True
Is 1830 a multiple of 9?
False
Is 164 a factor of 7380?
True
Does 49 divide 364?
False
Does 3 divide 708?
True
Is 39 a factor of 401?
False
Is 29544 a multiple of 24?
True
Does 18 divide 872?
False
Is 53 a factor of 106?
True
Is 6 a factor of 25?
False
Is 9 a factor of 1548?
True
Does 33 divide 1650?
True
Is 49 a factor of 8183?
True
Is 6 a factor of 829?
False
Does 4 divide 101?
False
Is 15 a factor of 975?
True
Does 15 divide 3475?
False
Is 37 a factor of 9509?
True
Does 63 divide 750?
False
Does 4 divide 554?
False
Does 13 divide 5584?
False
Does 64 divide 72567?
False
Does 23 divide 678?
False
Is 2 a factor of 3725?
False
Does 37 divide 740?
True
Does 30 divide 347?
False
Is 84344 a multiple of 154?
False
Is 87 a factor of 10202?
False
Is 144 a multiple of 16?
True
Is 7 a factor of 1722?
True
Is 93 a factor of 32580?
False
Is 53681 a multiple of 34?
False
Does 2 divide 218?
True
Is 576 a multiple of 13?
False
Is 45 a factor of 610?
False
Is 230 a multiple of 3?
False
Is 1325 a multiple of 5?
True
Is 199 even?
Fals